+ 2 + 2 + 230. What is the greatest common factor of i and p?
26
Let b(s) = -s**3 - 19*s**2 - 38*s - 5. Let c be b(-17). Let q(l) = -l**3 - l**2 - 4. Let o be q(-3). Calculate the greatest common factor of o and c.
7
Let q = -46 + 50. Suppose -q*y = y, i - 2*y - 2 = 0. Suppose 5*l + 3*o - 3 = 2*o, i*l = 2*o + 6. What is the greatest common factor of l and 10?
1
Let a = 6567 + -6546. What is the greatest common divisor of a and 11298?
21
Suppose -q + 2 = h, 44 - 15 = 2*h - 3*q. Let a(n) = -n**2 + 4*n + 36. Let s be a(h). Calculate the greatest common factor of s and 105.
15
Suppose 5*b + 10 = 5*r, -29*b = -27*b. Let y be (35*-4)/(r - 4). Calculate the greatest common divisor of y and 40.
10
Let b = 1531 - 1491. Calculate the highest common divisor of 760 and b.
40
Suppose -3*d + 1500 = 2*v - 0*d, -3*v - 4*d + 2247 = 0. Calculate the greatest common divisor of 208 and v.
13
Suppose 0 = -23*r - 128*r + 154490 + 155362. What is the greatest common divisor of 209 and r?
19
Suppose w + 5*h - 70 = 0, h + 0*h + 258 = 3*w. Let f = -5 - -22. What is the greatest common divisor of f and w?
17
Let x = 691 + -591. What is the greatest common factor of x and 340?
20
Let a = 5476 - 5471. Calculate the highest common factor of a and 320.
5
Let z(a) = -72*a - 3319. Let h be z(-69). Calculate the highest common divisor of 388 and h.
97
Suppose 3*k + 5*a - 50 = 0, -3*k + 54 = 6*a - 3*a. Let m be -2*3/6*-2. Let r be (0/3 - -138) + m. Calculate the greatest common factor of k and r.
20
Let n = 4301 - 3559. What is the greatest common divisor of 42 and n?
14
Suppose 10*p + 47023 = 53413. What is the highest common factor of p and 252?
9
Let k(s) = s + 10 - 4 - 3*s + 19. Let w be k(10). Suppose -3*h - w*l = 19, -3*h - 2 + 3 = l. What is the highest common factor of h and 2?
2
Let d(x) = -x**2 - 22*x + 8. Let j be d(-22). Let q = j - 3. Suppose 2*a - 7 = 5*o, q*a = -0*o + 2*o + 70. Calculate the greatest common divisor of a and 1.
1
Suppose 2*s = -0*s. Suppose s*w = 2*w. Suppose -3*n + w*n = -240. Calculate the highest common divisor of n and 20.
20
Let n(s) = 526*s + 7899. Let f be n(-15). What is the highest common divisor of f and 31311?
9
Let i be 8 - 7 - (1 + -35). Suppose 220*q = 210*q + 50. Calculate the highest common factor of q and i.
5
Let i = 23766 - 23177. Calculate the highest common factor of 266 and i.
19
Let v(u) = u**3 + 5*u**2 - 50*u + 6. Suppose 5*n + 53 = 7*o - 6*o, -2*n - 23 = -o. Let j be v(n). Calculate the highest common divisor of 26 and j.
2
Let m(j) = -j**3 + 14*j**2 - 21*j + 138. Let d be m(12). Let z be 233827/d + (-1)/(-6). Calculate the highest common factor of 28 and z.
28
Suppose -1316 = -0*w - 4*w - 2*h, -3*h = 0. Suppose w = t + 314. What is the highest common factor of 80 and t?
5
Suppose -z + 423 = 5*d, 0 = -2*d + 2*z - 36 + 210. What is the highest common factor of 2465 and d?
85
Let m be ((-153)/(-27))/(-1)*-33. What is the highest common divisor of m and 153?
17
Suppose -92*f = -186772 + 10868. Calculate the highest common divisor of 56 and f.
8
Let x be 225/1 - 1 - 1. Let t = x + -196. What is the greatest common factor of t and 45?
9
Let d(v) = 251*v**2 + 6*v + 7. Suppose 4*u - 2*z - 1 = -3, 8 = -3*u - 5*z. Let p be d(u). What is the highest common factor of p and 28?
28
Let q = -314 + 416. Let m = 207 - q. What is the greatest common factor of 135 and m?
15
Let d be (0 + 6)*((-44)/(-8))/11. Suppose -g + 3 = 0, 0*r + d*r = -2*g + 57. Calculate the highest common divisor of 272 and r.
17
Let g be (16/(-20))/(4/(-10)). Let o = -3661 - -3666. Suppose -23 - o = -g*c. What is the highest common divisor of c and 126?
14
Let u(o) = -127*o - 4355. Let c be u(-35). Calculate the highest common factor of c and 2124.
18
Let f be (8 + (-468)/15)/((-6)/(-45)). Let i = 282 + f. Calculate the highest common factor of i and 144.
36
Let s be 6/(-21) - ((-29280)/(-14))/(-5). Calculate the greatest common divisor of 114 and s.
38
Let d(t) = t. Let n be d(6). Suppose -329*b + 325*b + 3*v + 2 = 0, 2*v + 6 = 5*b. What is the highest common divisor of n and b?
2
Suppose -5*k - 20 - 45 = 0. Let m = k - -29. Let v be 264/(-9)*(-14 - -8). Calculate the greatest common divisor of m and v.
16
Let q(k) = -k**2 + 48*k - 538. Let u be q(20). Calculate the greatest common divisor of u and 319.
11
Let q = -12405 + 12746. What is the greatest common divisor of 44 and q?
11
Suppose -5*g + 165 = -4*n, 5*g - 2*n + 10 - 175 = 0. Let b be 396*6/(-90)*-10. Calculate the greatest common divisor of b and g.
33
Let p be 2 + 35 - (-1 - 1). Let d be 72/27*(-9)/6. Let s be d/(20/15) - -16. Calculate the highest common factor of p and s.
13
Suppose -7466 = 9*i + 17*i - 19400. Calculate the highest common factor of 1242 and i.
27
Let p be ((-21)/(-2))/7*188/3 + -7. What is the greatest common factor of 2059 and p?
29
Suppose -37*c + 3006 = -19*c. Let k = c - 87. What is the greatest common factor of k and 60?
20
Suppose -1870 = -34*b + 3229 + 851. Calculate the highest common factor of 490 and b.
35
Suppose -5122 = -4*p - 2*t, 2*p + 5*t - 634 - 1931 = 0. Let u be -16*(4 - (2 + 3)). Calculate the highest common factor of p and u.
16
Let y(g) = -4*g - 48. Let v be 2/6 - (-46)/(-3). Let t be y(v). Calculate the highest common factor of 132 and t.
12
Let n(a) = -a**3 + 6*a**2 - 4*a - 6. Let z be n(6). Let c = -2 - z. Suppose -131*d + 93*d + 2884 = 168*d. Calculate the highest common factor of d and c.
14
Suppose -2*y + 408 = -2*m, y + 251 + 799 = -5*m. Let a be -5 - 1 - (m + -49). What is the greatest common factor of 72 and a?
36
Let y be (19 - 20)/((-2)/62). What is the greatest common divisor of y and 8928?
31
Let i(s) = 192*s + 64. Let f be i(-2). Let d = f - -341. Calculate the greatest common factor of 21 and d.
21
Suppose 2*b + 0*b - 93 = 5*q, -5*b = -2*q - 222. Let n(g) = 2*g**2 + 6*g - 3. Let l be n(-8). Calculate the greatest common factor of l and b.
11
Let m = 29 - 19. Let n = 234 - m. Let q be (-20 - 0)*(8 - (-94)/(-10)). What is the highest common factor of q and n?
28
Let t = -1942 - -1982. Let n(l) = 2*l + 8. Let k be n(6). What is the highest common divisor of k and t?
20
Let x(d) = 9*d**2 + 9*d + 6. Let n be x(8). Let r = -192 + n. Suppose -5*p = 6*p - r. What is the highest common divisor of p and 14?
14
Suppose -g - 100 = -5*j, g - 4*g + 3*j = 252. Let n = g + 81. Let f be 3*n*(4 - 0 - -119). Calculate the greatest common divisor of f and 41.
41
Let v be 12/(-66) - (-270)/33. Suppose -285 = -v*p + 107. Suppose 4 = g - 0*d + 2*d, 4*g - 3*d = p. Calculate the highest common factor of 80 and g.
10
Let s(t) = 3*t - 12. Let k(o) = 3. Let r(h) = -4*k(h) + s(h). Let a be r(9). Calculate the highest common divisor of a and 2.
1
Let k be 4/(-14) - 3966/63*(-42 + 27). Calculate the highest common divisor of 16 and k.
16
Suppose 6*p - p = 5*k - 50, -k - p = -8. Suppose 5*g - 8 = -33. Let h be ((9/(-4))/3)/(g/20). Calculate the highest common factor of h and k.
3
Let d(m) = 2*m**3 + 25*m**2 + 15*m + 87. Let h be d(-12). What is the greatest common factor of h and 323?
17
Let s be 4*(1 + 1 + 14). Suppose 4*g = 5*l - 92, -45*l - 3*g = -48*l + 51. Calculate the highest common factor of s and l.
8
Let g(z) = 6*z**2 + z - 12. Let c be g(-6). Suppose -11*i + 5*i + c = 0. Suppose -6*a + i = -15. What is the greatest common divisor of a and 32?
8
Suppose 0 = -3*g + d + 1090, 2*g - 818 = 2*d - 94. Calculate the greatest common divisor of g and 420.
28
Suppose -7*k + 3*k = -308. Let p(w) = 3*w**2 - 42*w - 489. Let m be p(24). What is the highest common factor of k and m?
77
Let s be 3*(2305/30 + 4/8). Suppose -9*k + 4*k = -4*w + 470, 2*w = 4*k + s. What is the highest common factor of w and 40?
40
Suppose -2*h - 6 = 0, 2*t - h = t + 23. Let m(d) = d**3 + 27*d**2 + 28*d + 77. Let q be m(-26). What is the highest common factor of q and t?
5
Let t be 304/(-57) - (-1)/(6/(-4)). Let c be ((-27)/6 + 3)*704/t. Calculate the highest common divisor of 11 and c.
11
Let x be (-24)/(-9) - 1/(-3). Suppose 0 = l + 3*s - 8 - 31, l - 35 = -s. What is the highest common divisor of x and l?
3
Let t(g) = -49*g + 3. Let v be t(-8). Suppose 8*o + v = 2699. What is the highest common divisor of o and 18?
18
Let z(g) = 36*g - 2165. Let w be z(71). What is the greatest common divisor of 289 and w